h = g - j. Calculate the greatest common factor of h and 10.
2
Suppose 3*i = -2*p + 78, p = 2*i + 5*p - 60. What is the highest common divisor of 1416 and i?
24
Let j be (2560/(-6))/(12 + 73/(-6)). Calculate the greatest common divisor of j and 10.
10
Let u = 32 + -29. Suppose 5*g = 0, b + 0*b - 291 = u*g. Let r = b - 159. What is the greatest common factor of r and 12?
12
Let r = 236 - 205. Calculate the highest common factor of r and 279.
31
Let v = -647 + 1052. What is the highest common factor of 225 and v?
45
Let j be (-1629)/(-5) + (-80)/100. What is the greatest common divisor of 13 and j?
13
Let d = 250 - 523. Let c be d/(-28) - (-2)/8. Suppose -s = -2*s + c. What is the highest common factor of s and 15?
5
Let x be (-34)/(16/(-20) + (-3)/15). Let y be (-114)/(-9) + x/(-6) + 5. Calculate the greatest common factor of y and 192.
12
Let v be 58 + -9 + (-7)/(-1 + 0). What is the greatest common divisor of 252 and v?
28
Let r(v) = -v**3 + 9*v**2 - 15*v + 11. Let g be r(6). Calculate the greatest common divisor of g and 29.
29
Let d(j) = -j**2 - 26*j + 15. Let x be d(0). Calculate the greatest common factor of x and 27.
3
Let c(i) = -8*i + 140. Let r be c(-14). Calculate the greatest common divisor of r and 9.
9
Suppose 0 = -2*p + 4, 2*f - 42 = f + 3*p. Let r be (-2 + -1 - 8)/(-1). Let d(o) = 2*o - 6. Let j be d(r). Calculate the highest common divisor of f and j.
16
Let o be (0*(-5)/(-20))/(-2). Suppose o*y - 2*y = g - 17, 0 = -4*y + g + 19. What is the greatest common divisor of y and 66?
6
Let u(n) = 61*n - 278. Let s be u(23). Calculate the greatest common divisor of s and 18.
9
Let v = -51 + 97. What is the greatest common factor of v and 92?
46
Let n be ((-20)/(-6))/(-7*8/(-168)). Calculate the greatest common divisor of 15 and n.
5
Let y = -501 - -518. Let b be 2/(-2)*-2 - 84. Let c = b - -167. Calculate the greatest common factor of y and c.
17
Suppose 2*r + 0*r = -5*i + 24, -r = -i + 2. Suppose 3*l - 3*k = 27, -i*l - k + 51 = -0*l. What is the greatest common factor of 24 and l?
12
Let w(c) = -4*c + 189. Let b be w(36). What is the highest common factor of 9 and b?
9
Suppose -l = z - 183, 0 = 5*l - 2*z - 1422 + 479. Calculate the greatest common factor of 11 and l.
11
Suppose -3*i + 5*i + 2 = 4*v, 3*v = -4*i + 51. Suppose -199 = -5*k - i. What is the highest common divisor of k and 19?
19
Suppose 2*g - 2 = -4*v + 10, -5*v + 9 = g. Suppose 4*z - 3*z - 5 = 0, -n + g*z - 3 = 0. What is the greatest common factor of n and 17?
17
Let l(o) = o**3 - 12*o**2 + 12*o - 4. Let h = 13 - 14. Let q be (-11)/(0 + h) - 0. Let j be l(q). What is the highest common factor of j and 56?
7
Suppose -91*x = -77*x - 532. What is the greatest common divisor of 2 and x?
2
Let g be 36/1*39/6. Suppose 5*l - 1182 = 3*q, -2*l - 3*q = -3*l + g. Let m = -165 + l. What is the greatest common divisor of 8 and m?
8
Let p be 7 + 6/(1 - 4/(-4)). Let j be (-29)/(-5) + 1 - (-2)/p. Let z be 1/(1/9) - 2. What is the highest common divisor of j and z?
7
Let q be 2/3 + 44/(-66). Suppose 3*u = 2*d + 26 + 7, q = 5*u - 4*d - 57. Let v be (-4)/(-2)*27/6. What is the highest common divisor of v and u?
9
Let m(k) = k**3 - 4*k**2 + 4*k - 1. Let y = 2 + 1. Let s be m(y). Suppose -3*r + 13 = c, 3*c + 2*r - 23 + 12 = 0. What is the highest common divisor of s and c?
1
Let d(w) = -8*w + 4. Let b be d(-6). Suppose 4*u - 3*v - 529 = 0, -9*v = 4*u - 7*v - 514. Calculate the highest common divisor of u and b.
26
Let x(d) = 4*d - 20. Let b be x(0). Let q = -9 - b. What is the greatest common factor of 55 and q?
11
Let a(d) = -d**2 + 7*d. Let n be a(5). Let j = 3 - n. Let l(z) = -z**3 - 5*z**2 + 3*z + 10. Let x be l(j). Calculate the highest common divisor of 58 and x.
29
Suppose -2*i + 26 = -i. Suppose 4*v = n + 13, -5*n + 4*v + 3 = -12. Suppose n*b = 6*b + 104. What is the greatest common factor of b and i?
26
Suppose 1 = 3*i - 2*i. Suppose -2*b + i = -15. Let t be (330/40)/(3/b). Calculate the highest common factor of t and 11.
11
Suppose 3*n + 1032 = 9*n. Calculate the highest common factor of n and 43.
43
Let s be 60/8 + 1 + 16/32. Let f(w) = -w**2 + 7*w - 5. Let k be f(6). Calculate the highest common divisor of s and k.
1
Let u be 3*(-5 + 4) + 2. Let p(i) = 18*i**2 - 3*i - 3. Let f be p(u). What is the greatest common factor of 144 and f?
18
Suppose 30*m - 410 - 70 = 0. Suppose -5 = t - 2*t. Suppose t*w = -o + 82, -88 = -5*w - 0*o - 4*o. Calculate the greatest common factor of m and w.
16
Let h = -944 - -1009. What is the highest common factor of 80 and h?
5
Let n be (11/2)/(-11) - (-114)/4. What is the highest common divisor of 924 and n?
28
Suppose 4*w - 4 = 2*h, -3*w = 5*h - 8 - 47. Suppose 11*a - 5*a - 48 = 0. What is the greatest common factor of a and h?
8
Suppose 12*n - 17 = 703. What is the greatest common factor of n and 30?
30
Let z = -4 - -12. Let i(m) = -m**3 + 8*m**2 + 6*m + 11. Let f be i(z). Let s = -41 + f. Calculate the greatest common factor of s and 126.
18
Let y = -21 + 35. Suppose -y = -6*p + 4. Suppose -4*t + 57 = 6*m - m, p*m = 15. What is the highest common divisor of 4 and t?
4
Let u = -78 + 110. Let q = u - 26. Suppose -5*b + 11 = 5*k + 1, 0 = -4*b + 3*k + 1. Calculate the greatest common factor of q and b.
1
Suppose 0 = -225*d + 229*d - 5*o - 635, -3*d + 474 = -3*o. What is the highest common factor of 496 and d?
31
Let i = -328 - -329. Calculate the greatest common divisor of 9 and i.
1
Let o(z) = z + 12. Let g be o(-9). Suppose -g*l - k = -2*k - 75, 0 = k. What is the greatest common factor of 200 and l?
25
Let o(u) = -3*u**2 - 7 + 2*u**2 - 1 - 13*u. Let j be -4*(40/(-28))/(8/(-14)). Let x be o(j). Calculate the greatest common divisor of 11 and x.
11
Suppose 4*i - 5*r - 308 = 0, -5*i + 4*r = -59 - 317. Calculate the greatest common divisor of 2 and i.
2
Suppose -3*q = -580 + 148. Let r = -39 - -57. What is the highest common factor of r and q?
18
Let g = -266 - -286. What is the greatest common divisor of 320 and g?
20
Let y be 4/(-22) - (-11600)/880. Let r be 1 + -1 - (-663)/3. What is the highest common divisor of y and r?
13
Let i = -10 - -26. Suppose 4*b = 2*b + 4. Calculate the greatest common factor of b and i.
2
Let c = -341 - -640. Suppose -4*g - g + 4*v = -c, 0 = 3*g + 5*v - 209. Calculate the highest common divisor of 9 and g.
9
Let a = 10 + -7. Suppose -a*d + 2 + 10 = 0. Suppose 0*r = d*r - 308. What is the greatest common divisor of r and 11?
11
Let f be 0 - -35 - 4/2. Let n = 82 - 71. Calculate the highest common divisor of f and n.
11
Suppose -32 = z - 4. Let j = -15 - z. Let q(g) = -14*g + 10. Let r be q(-3). What is the greatest common divisor of r and j?
13
Suppose -g = -20 - 5. Let a = g - 18. Suppose 5*s - a = 38. Calculate the greatest common divisor of 54 and s.
9
Let w = 10 - 6. Suppose w*y = 3*y + 298. Suppose -3*q - 13 - 142 = -m, 2*m - 3*q = y. Calculate the highest common divisor of m and 13.
13
Let b = -53 - -53. Suppose -4*t + 5*o + 26 + 13 = 0, b = -3*t + 2*o + 24. Calculate the highest common divisor of t and 4.
2
Let s be -4 - ((-1 - (3 + -4)) + -16). Let y be 3915/30 - (-3)/2. What is the highest common factor of s and y?
12
Let i = 27 + -16. Suppose -q = x - i, q + 37 = 3*x + 2*x. Calculate the greatest common factor of 20 and x.
4
Let z = -307 - -172. Let j be ((-12)/(-9))/((-10)/z). Calculate the highest common divisor of j and 90.
18
Suppose 9*p - 8 = p. Let i be 9 - ((p - 3 - -6) + -2). Calculate the highest common divisor of 1 and i.
1
Suppose -i = -0*i - 16. Let z = i + -12. What is the greatest common divisor of 44 and z?
4
Let v be 1*(-18)/4*2. Let h be 6/v + (-28)/(-6). Suppose 13 = h*u - 3*u. What is the greatest common divisor of u and 39?
13
Suppose -4*s + 3*m + 73 = 0, -2*s + 3*s + 2*m = 10. Let k = -4 - -2. Let h(a) = -7*a + 2. Let t be h(k). Calculate the highest common divisor of s and t.
16
Suppose -26*y - 17*y = -1075. Calculate the highest common factor of 1875 and y.
25
Suppose 56 = g - 2*d - 46, d - 87 = -g. Let s be ((1 - -1)/(2/(-92)))/(-2). What is the highest common factor of s and g?
46
Let o = 25 + -25. Suppose 2*x + 1 - 17 = o. Suppose 3*w = -c + 39, 56 = 2*c - x*w + 3*w. What is the highest common factor of 3 and c?
3
Let h(w) = 2*w**2 - 83*w - 4. Let y be h(43). Calculate the greatest co